{"id":228,"date":"2019-02-21T12:50:46","date_gmt":"2019-02-21T11:50:46","guid":{"rendered":"https:\/\/www.ibim.pw.edu.pl\/?page_id=228"},"modified":"2024-08-22T13:01:01","modified_gmt":"2024-08-22T11:01:01","slug":"interdyscyplinarny-bim","status":"publish","type":"page","link":"https:\/\/www.ibim.pw.edu.pl\/?page_id=228","title":{"rendered":"interdyscyplinarny BIM"},"content":{"rendered":"<h3>Korzy\u015bci dla uczestnik\u00f3w<br \/>\nmi\u0119dzywydzia\u0142owych studi\u00f3w podyplomowych interdyscyplinarny BIM<\/h3>\n<ol>\n<li>Szeroki zakres temat\u00f3w od teorii do praktyki umo\u017cliwia udzia\u0142 zar\u00f3wno os\u00f3b chc\u0105cych dopiero pozna\u0107 narz\u0119dzia BIM np. pracuj\u0105cych dotychczas w technice 2D, jak i os\u00f3b, kt\u00f3re maj\u0105 pewne do\u015bwiadczenie pracy w \u015brodowisku BIMowym.<\/li>\n<li>Pe\u0142ny kurs dw\u00f3ch program\u00f3w do modelowania; poziom podstawowy (24 godz.) &#8211; wiedza niezb\u0119dna do skutecznej pracy przy sporz\u0105dzaniu dokumentacji arch.-bud.; poziom ponadpodstawowy (24 godz.) &#8211; wiedza umo\u017cliwiaj\u0105ca kontrol\u0119 i konfigurowania \u015brodowiska pracy.<\/li>\n<li>Nauka praktycznego wykorzystania wielu narz\u0119dzi (program\u00f3w, dokument\u00f3w formalnych, proces\u00f3w) znajduj\u0105cych zastosowanie w trakcie realizacji inwestycji w BIM, od koncepcji do oddania obiektu do u\u017cytkowania.<\/li>\n<li>Nauka dw\u00f3ch program\u00f3w do programowania wizualnego (projektowania i analiz geometryczno-parametrycznych).<\/li>\n<li>Dostosowanie poziomu zaj\u0119\u0107 komputerowych do pocz\u0105tkowego stanu wiedzy s\u0142uchaczy; s\u0142uchacz na pocz\u0105tku modu\u0142u ma mo\u017cliwo\u015b\u0107 wyboru zaj\u0119\u0107 komputerowych na poziomie podstawowym albo na poziomie \u015bredniozaawansowanym w zale\u017cno\u015bci od przedmiotu.<\/li>\n<li>Mo\u017cliwo\u015b\u0107 praktycznego wykorzystania umiej\u0119tno\u015bci zdobytych na pierwszych zjazdach w trakcie drugiego semestru.<\/li>\n<li>Studia skierowane do wielu r\u00f3\u017cnych \u015brodowisk bran\u017cowych oraz os\u00f3b pe\u0142ni\u0105cych r\u00f3\u017cne role w procesie budowlanym: projektant\u00f3w bran\u017cowych, wykonawc\u00f3w rob\u00f3t, nadzoru bran\u017cowego oraz inwestorskiego.<\/li>\n<li>Mo\u017cliwo\u015b\u0107 prze\u0107wiczenia r\u00f3\u017cnych r\u00f3l, poznania pracy innych bran\u017c w ramach dzia\u0142a\u0144 zespo\u0142u mi\u0119dzybran\u017cowego.<\/li>\n<li>Dobre po\u0142\u0105czenie praktyki i teorii, tak aby s\u0142uchacz nie tylko pozna\u0142 teorie, ale i zasmakowa\u0142 \/ pobawi\u0142 si\u0119 narz\u0119dziami w ramach praktycznych zaj\u0119\u0107.<\/li>\n<\/ol>\n","protected":false},"excerpt":{"rendered":"<p>Korzy\u015bci dla uczestnik\u00f3w mi\u0119dzywydzia\u0142owych studi\u00f3w podyplomowych interdyscyplinarny BIM Szeroki zakres temat\u00f3w od teorii do praktyki umo\u017cliwia udzia\u0142 zar\u00f3wno os\u00f3b chc\u0105cych dopiero pozna\u0107 narz\u0119dzia BIM np. pracuj\u0105cych dotychczas w technice 2D, jak i os\u00f3b, kt\u00f3re maj\u0105 pewne do\u015bwiadczenie pracy w \u015brodowisku BIMowym. Pe\u0142ny kurs dw\u00f3ch program\u00f3w do modelowania; poziom podstawowy (24 godz.) &#8211; wiedza niezb\u0119dna do &hellip; <a href=\"https:\/\/www.ibim.pw.edu.pl\/?page_id=228\" class=\"more-link\">Czytaj dalej <span class=\"screen-reader-text\">interdyscyplinarny BIM<\/span> <span class=\"meta-nav\">&rarr;<\/span><\/a><\/p>\n","protected":false},"author":2,"featured_media":0,"parent":0,"menu_order":0,"comment_status":"closed","ping_status":"closed","template":"","meta":{"footnotes":""},"_links":{"self":[{"href":"https:\/\/www.ibim.pw.edu.pl\/index.php?rest_route=\/wp\/v2\/pages\/228"}],"collection":[{"href":"https:\/\/www.ibim.pw.edu.pl\/index.php?rest_route=\/wp\/v2\/pages"}],"about":[{"href":"https:\/\/www.ibim.pw.edu.pl\/index.php?rest_route=\/wp\/v2\/types\/page"}],"author":[{"embeddable":true,"href":"https:\/\/www.ibim.pw.edu.pl\/index.php?rest_route=\/wp\/v2\/users\/2"}],"replies":[{"embeddable":true,"href":"https:\/\/www.ibim.pw.edu.pl\/index.php?rest_route=%2Fwp%2Fv2%2Fcomments&post=228"}],"version-history":[{"count":6,"href":"https:\/\/www.ibim.pw.edu.pl\/index.php?rest_route=\/wp\/v2\/pages\/228\/revisions"}],"predecessor-version":[{"id":530,"href":"https:\/\/www.ibim.pw.edu.pl\/index.php?rest_route=\/wp\/v2\/pages\/228\/revisions\/530"}],"wp:attachment":[{"href":"https:\/\/www.ibim.pw.edu.pl\/index.php?rest_route=%2Fwp%2Fv2%2Fmedia&parent=228"}],"curies":[{"name":"wp","href":"https:\/\/api.w.org\/{rel}","templated":true}]}}